{"id":748,"date":"2021-11-17T18:27:10","date_gmt":"2021-11-17T21:27:10","guid":{"rendered":"https:\/\/ens1-caba.infd.edu.ar\/sitio\/?page_id=748"},"modified":"2023-11-08T20:39:42","modified_gmt":"2023-11-08T23:39:42","slug":"nivel-terciario","status":"publish","type":"page","link":"https:\/\/ens1-caba.infd.edu.ar\/sitio\/nivel-terciario\/","title":{"rendered":"Nivel Terciario"},"content":{"rendered":"<div class=\"wp-block-image\">\n<figure class=\"aligncenter size-full is-resized\"><img decoding=\"async\" loading=\"lazy\" src=\"https:\/\/ens1-caba.infd.edu.ar\/sitio\/wp-content\/uploads\/2023\/11\/Logo-Instagram-y-tik-tok.jpg\" alt=\"\" class=\"wp-image-1312\" width=\"200\" height=\"200\" srcset=\"https:\/\/ens1-caba.infd.edu.ar\/sitio\/wp-content\/uploads\/2023\/11\/Logo-Instagram-y-tik-tok.jpg 991w, https:\/\/ens1-caba.infd.edu.ar\/sitio\/wp-content\/uploads\/2023\/11\/Logo-Instagram-y-tik-tok-500x500.jpg 500w, https:\/\/ens1-caba.infd.edu.ar\/sitio\/wp-content\/uploads\/2023\/11\/Logo-Instagram-y-tik-tok-768x768.jpg 768w\" sizes=\"(max-width: 200px) 100vw, 200px\" \/><\/figure><\/div>\n\n\n<p class=\"has-text-align-center has-large-font-size\">Profesorado de Educaci\u00f3n Inicial<\/p>\n\n\n\n<p class=\"has-text-align-center has-large-font-size\">Profesorado de Educaci\u00f3n Primaria<\/p>\n\n\n\n<p>El nivel terciario cuenta con dos profesorados. Uno destinado a la formaci\u00f3n de&nbsp;<strong>Profesores de Educaci\u00f3n Inicial<\/strong>&nbsp;y otro para la formaci\u00f3n de&nbsp;<strong>Profesores de Educaci\u00f3n Primaria<\/strong>.<\/p>\n\n\n\n<p>Ambos profesorados se pueden cursar en los tres turnos:<\/p>\n\n\n\n<ul>\n<li>Ma\u00f1ana de 8:10 a 12:20 Hs.<\/li>\n\n\n\n<li>Tarde de 13:30 a 17:40 Hs.<\/li>\n\n\n\n<li>Vespertino de 18:20 a 22:20 Hs.<\/li>\n<\/ul>\n\n\n\n<p>Las aulas para cursar son las que corresponden al edificio hist\u00f3rico, es decir,&nbsp;<strong>se ingresa por C\u00f3rdoba 1951 Primer Piso.<\/strong><\/p>\n\n\n\n<p>Para informes y contacto:<\/p>\n\n\n\n<p><strong>Tel\u00e9fono<\/strong>: 4813-0534 o 4813-7373<\/p>\n\n\n\n<p><strong>Mail<\/strong>:<br><a rel=\"noreferrer noopener\" href=\"mailto:informesnivelsuperior@ens1caba.edu.ar\" target=\"_blank\">informesnivelsuperior@ens1caba.edu.ar<\/a><\/p>\n\n\n\n<p>Horarios de atenci\u00f3n de los Bedeles: de 9 a 12, de 14 a 17 y de 19 a 22 Hs.<\/p>\n","protected":false},"excerpt":{"rendered":"<p>Profesorado de Educaci\u00f3n Inicial Profesorado de Educaci\u00f3n Primaria El nivel terciario cuenta con dos profesorados. Uno destinado a la formaci\u00f3n de&nbsp;Profesores de Educaci\u00f3n Inicial&nbsp;y otro para la formaci\u00f3n de&nbsp;Profesores de Educaci\u00f3n Primaria. Ambos profesorados se pueden cursar en los tres turnos: Las aulas para cursar son las que corresponden al edificio hist\u00f3rico, es decir,&nbsp;se ingresa &#8230; <a title=\"Nivel Terciario\" class=\"read-more\" href=\"https:\/\/ens1-caba.infd.edu.ar\/sitio\/nivel-terciario\/\" aria-label=\"More on Nivel Terciario\">[+]<\/a><\/p>\n","protected":false},"author":3738,"featured_media":0,"parent":0,"menu_order":0,"comment_status":"closed","ping_status":"closed","template":"","meta":[],"acf":[],"_links":{"self":[{"href":"https:\/\/ens1-caba.infd.edu.ar\/sitio\/wp-json\/wp\/v2\/pages\/748"}],"collection":[{"href":"https:\/\/ens1-caba.infd.edu.ar\/sitio\/wp-json\/wp\/v2\/pages"}],"about":[{"href":"https:\/\/ens1-caba.infd.edu.ar\/sitio\/wp-json\/wp\/v2\/types\/page"}],"author":[{"embeddable":true,"href":"https:\/\/ens1-caba.infd.edu.ar\/sitio\/wp-json\/wp\/v2\/users\/3738"}],"replies":[{"embeddable":true,"href":"https:\/\/ens1-caba.infd.edu.ar\/sitio\/wp-json\/wp\/v2\/comments?post=748"}],"version-history":[{"count":3,"href":"https:\/\/ens1-caba.infd.edu.ar\/sitio\/wp-json\/wp\/v2\/pages\/748\/revisions"}],"predecessor-version":[{"id":1314,"href":"https:\/\/ens1-caba.infd.edu.ar\/sitio\/wp-json\/wp\/v2\/pages\/748\/revisions\/1314"}],"wp:attachment":[{"href":"https:\/\/ens1-caba.infd.edu.ar\/sitio\/wp-json\/wp\/v2\/media?parent=748"}],"curies":[{"name":"wp","href":"https:\/\/api.w.org\/{rel}","templated":true}]}}

<div class="wp-block-image">
<figure class="aligncenter size-full is-resized"><img decoding="async" loading="lazy" src="https://ens1-caba.infd.edu.ar/sitio/wp-content/uploads/2023/11/Logo-Instagram-y-tik-tok.jpg" alt="" class="wp-image-1312" width="200" height="200" srcset="https://ens1-caba.infd.edu.ar/sitio/wp-content/uploads/2023/11/Logo-Instagram-y-tik-tok.jpg 991w, https://ens1-caba.infd.edu.ar/sitio/wp-content/uploads/2023/11/Logo-Instagram-y-tik-tok-500x500.jpg 500w, https://ens1-caba.infd.edu.ar/sitio/wp-content/uploads/2023/11/Logo-Instagram-y-tik-tok-768x768.jpg 768w" sizes="(max-width: 200px) 100vw, 200px" /></figure></div>


<p class="has-text-align-center has-large-font-size">Profesorado de Educación Inicial</p>



<p class="has-text-align-center has-large-font-size">Profesorado de Educación Primaria</p>



<p>El nivel terciario cuenta con dos profesorados. Uno destinado a la formación de&nbsp;<strong>Profesores de Educación Inicial</strong>&nbsp;y otro para la formación de&nbsp;<strong>Profesores de Educación Primaria</strong>.</p>



<p>Ambos profesorados se pueden cursar en los tres turnos:</p>



<ul>
<li>Mañana de 8:10 a 12:20 Hs.</li>



<li>Tarde de 13:30 a 17:40 Hs.</li>



<li>Vespertino de 18:20 a 22:20 Hs.</li>
</ul>



<p>Las aulas para cursar son las que corresponden al edificio histórico, es decir,&nbsp;<strong>se ingresa por Córdoba 1951 Primer Piso.</strong></p>



<p>Para informes y contacto:</p>



<p><strong>Teléfono</strong>: 4813-0534 o 4813-7373</p>



<p><strong>Mail</strong>:<br><a rel="noreferrer noopener" href="mailto:informesnivelsuperior@ens1caba.edu.ar" target="_blank">informesnivelsuperior@ens1caba.edu.ar</a></p>



<p>Horarios de atención de los Bedeles: de 9 a 12, de 14 a 17 y de 19 a 22 Hs.</p>

<p>Profesorado de Educación Inicial Profesorado de Educación Primaria El nivel terciario cuenta con dos profesorados. Uno destinado a la formación de&nbsp;Profesores de Educación Inicial&nbsp;y otro para la formación de&nbsp;Profesores de Educación Primaria. Ambos profesorados se pueden cursar en los tres turnos: Las aulas para cursar son las que corresponden al edificio histórico, es decir,&nbsp;se ingresa &#8230; <a title="Nivel Terciario" class="read-more" href="https://ens1-caba.infd.edu.ar/sitio/nivel-terciario/" aria-label="More on Nivel Terciario">[+]</a></p>
