{"id":968,"date":"2022-02-24T14:47:04","date_gmt":"2022-02-24T17:47:04","guid":{"rendered":"https:\/\/ens1-caba.infd.edu.ar\/sitio\/?page_id=968"},"modified":"2026-02-19T15:39:52","modified_gmt":"2026-02-19T18:39:52","slug":"inscripcion-virtual-por-siu-guarani","status":"publish","type":"page","link":"https:\/\/ens1-caba.infd.edu.ar\/sitio\/inscripcion-virtual-por-siu-guarani\/","title":{"rendered":"Inscripci\u00f3n virtual a trav\u00e9s de SIU Guaran\u00ed para alumnos regulares 1er cuatrimestre 2026"},"content":{"rendered":"\n<p>Estimadxs estudiantes:&nbsp; Tal como est\u00e1 anunciado en el cronograma, el 10 de marzo de 2026 comienzan las inscripciones a materias, talleres, ateneos y talleres 1 y 2 del Campo de Formaci\u00f3n en las Pr\u00e1cticas Profesionales.<\/p>\n\n\n\n<p>La&nbsp;<strong>inscripci\u00f3n<\/strong>&nbsp;se realizar\u00e1&nbsp;<strong>de manera virtual a trav\u00e9s del Sistema SIU Guaran\u00ed (<\/strong><a href=\"https:\/\/guarani-autogestionfdocente.bue.edu.ar\/\" rel=\"noreferrer noopener\" target=\"_blank\">https:\/\/guarani-autogestionfdocente.bue.edu.ar\/<\/a>), de acuerdo al avance en la carrera, &nbsp;respetando el d\u00eda asignado seg\u00fan cronograma publicado.&nbsp;<a href=\"https:\/\/ens1-caba.infd.edu.ar\/sitio\/cronograma\/\" rel=\"noreferrer noopener\" target=\"_blank\">https:\/\/ens1-caba.infd.edu.ar\/sitio\/cronograma\/<\/a><\/p>\n\n\n\n<p>Para la inscripci\u00f3n deber\u00e1n revisar el plan de estudios con el fin de evitar anotarse en materias que no est\u00e1n habilitadas a cursar por r\u00e9gimen de correlatividad.&nbsp;No se realizar\u00e1n excepciones de fechas.&nbsp; En caso de tener alg\u00fan inconveniente con el sistema, acercarse a Bedel\u00eda o Prosecretar\u00eda en los horarios de atenci\u00f3n para que podamos asistirlos o comunicarse a&nbsp;<a href=\"mailto:estudiantesterciaria@ens1caba.edu.ar\" rel=\"noreferrer noopener\" target=\"_blank\">estudiantesterciaria@ens1caba.edu.ar<\/a><\/p>\n\n\n\n<p>Rogamos que&nbsp;<strong>quienes no han completado a\u00fan o deben actualizarla<\/strong>, completen y entreguen en Prosecretar\u00eda la&nbsp;<strong>ficha de antecedentes de salud<\/strong>&nbsp;(<a href=\"https:\/\/ens1-caba.infd.edu.ar\/sitio\/wp-content\/uploads\/2022\/08\/Ficha-Antecedentes-de-Salud-para-Estudiantes-N.-Terciario.pdf\" rel=\"noreferrer noopener\" target=\"_blank\">descargar<\/a>)<\/p>\n","protected":false},"excerpt":{"rendered":"<p>Estimadxs estudiantes:&nbsp; Tal como est\u00e1 anunciado en el cronograma, el 10 de marzo de 2026 comienzan las inscripciones a materias, talleres, ateneos y talleres 1 y 2 del Campo de Formaci\u00f3n en las Pr\u00e1cticas Profesionales. La&nbsp;inscripci\u00f3n&nbsp;se realizar\u00e1&nbsp;de manera virtual a trav\u00e9s del Sistema SIU Guaran\u00ed (https:\/\/guarani-autogestionfdocente.bue.edu.ar\/), de acuerdo al avance en la carrera, &nbsp;respetando el &#8230; <a title=\"Inscripci\u00f3n virtual a trav\u00e9s de SIU Guaran\u00ed para alumnos regulares 1er cuatrimestre 2026\" class=\"read-more\" href=\"https:\/\/ens1-caba.infd.edu.ar\/sitio\/inscripcion-virtual-por-siu-guarani\/\" aria-label=\"More on Inscripci\u00f3n virtual a trav\u00e9s de SIU Guaran\u00ed para alumnos regulares 1er cuatrimestre 2026\">[+]<\/a><\/p>\n","protected":false},"author":3738,"featured_media":0,"parent":0,"menu_order":0,"comment_status":"closed","ping_status":"closed","template":"","meta":[],"acf":[],"_links":{"self":[{"href":"https:\/\/ens1-caba.infd.edu.ar\/sitio\/wp-json\/wp\/v2\/pages\/968"}],"collection":[{"href":"https:\/\/ens1-caba.infd.edu.ar\/sitio\/wp-json\/wp\/v2\/pages"}],"about":[{"href":"https:\/\/ens1-caba.infd.edu.ar\/sitio\/wp-json\/wp\/v2\/types\/page"}],"author":[{"embeddable":true,"href":"https:\/\/ens1-caba.infd.edu.ar\/sitio\/wp-json\/wp\/v2\/users\/3738"}],"replies":[{"embeddable":true,"href":"https:\/\/ens1-caba.infd.edu.ar\/sitio\/wp-json\/wp\/v2\/comments?post=968"}],"version-history":[{"count":26,"href":"https:\/\/ens1-caba.infd.edu.ar\/sitio\/wp-json\/wp\/v2\/pages\/968\/revisions"}],"predecessor-version":[{"id":1584,"href":"https:\/\/ens1-caba.infd.edu.ar\/sitio\/wp-json\/wp\/v2\/pages\/968\/revisions\/1584"}],"wp:attachment":[{"href":"https:\/\/ens1-caba.infd.edu.ar\/sitio\/wp-json\/wp\/v2\/media?parent=968"}],"curies":[{"name":"wp","href":"https:\/\/api.w.org\/{rel}","templated":true}]}}

Inscripción virtual a través de SIU Guaraní para alumnos regulares 1er cuatrimestre 2026

<p>Estimadxs estudiantes:&nbsp; Tal como está anunciado en el cronograma, el 10 de marzo de 2026 comienzan las inscripciones a materias, talleres, ateneos y talleres 1 y 2 del Campo de Formación en las Prácticas Profesionales.</p>



<p>La&nbsp;<strong>inscripción</strong>&nbsp;se realizará&nbsp;<strong>de manera virtual a través del Sistema SIU Guaraní (</strong><a href="https://guarani-autogestionfdocente.bue.edu.ar/" rel="noreferrer noopener" target="_blank">https://guarani-autogestionfdocente.bue.edu.ar/</a>), de acuerdo al avance en la carrera, &nbsp;respetando el día asignado según cronograma publicado.&nbsp;<a href="https://ens1-caba.infd.edu.ar/sitio/cronograma/" rel="noreferrer noopener" target="_blank">https://ens1-caba.infd.edu.ar/sitio/cronograma/</a></p>



<p>Para la inscripción deberán revisar el plan de estudios con el fin de evitar anotarse en materias que no están habilitadas a cursar por régimen de correlatividad.&nbsp;No se realizarán excepciones de fechas.&nbsp; En caso de tener algún inconveniente con el sistema, acercarse a Bedelía o Prosecretaría en los horarios de atención para que podamos asistirlos o comunicarse a&nbsp;<a href="mailto:estudiantesterciaria@ens1caba.edu.ar" rel="noreferrer noopener" target="_blank">estudiantesterciaria@ens1caba.edu.ar</a></p>



<p>Rogamos que&nbsp;<strong>quienes no han completado aún o deben actualizarla</strong>, completen y entreguen en Prosecretaría la&nbsp;<strong>ficha de antecedentes de salud</strong>&nbsp;(<a href="https://ens1-caba.infd.edu.ar/sitio/wp-content/uploads/2022/08/Ficha-Antecedentes-de-Salud-para-Estudiantes-N.-Terciario.pdf" rel="noreferrer noopener" target="_blank">descargar</a>)</p>

<p>Estimadxs estudiantes:&nbsp; Tal como está anunciado en el cronograma, el 10 de marzo de 2026 comienzan las inscripciones a materias, talleres, ateneos y talleres 1 y 2 del Campo de Formación en las Prácticas Profesionales. La&nbsp;inscripción&nbsp;se realizará&nbsp;de manera virtual a través del Sistema SIU Guaraní (https://guarani-autogestionfdocente.bue.edu.ar/), de acuerdo al avance en la carrera, &nbsp;respetando el &#8230; <a title="Inscripción virtual a través de SIU Guaraní para alumnos regulares 1er cuatrimestre 2026" class="read-more" href="https://ens1-caba.infd.edu.ar/sitio/inscripcion-virtual-por-siu-guarani/" aria-label="More on Inscripción virtual a través de SIU Guaraní para alumnos regulares 1er cuatrimestre 2026">[+]</a></p>
